*h + 28. Calculate the remainder when j(4) is divided by 11.
9
Suppose 0*c = -3*c. Suppose c = -v + 6*v - 530. Suppose -3*w + w = -v. Calculate the remainder when w is divided by 27.
26
Let v(s) = s**2 - 10*s + 21. Let y be v(6). Calculate the remainder when 61 is divided by y + -2*95/(-10).
13
Suppose -2*a + 6 = 0, -2*u + 4*u + 4*a = 100. Suppose u + 6 = 2*c. What is the remainder when 123 is divided by c?
23
Suppose 4*m - 65 = -3*x, 4*x + 31 = m - 9. Suppose -5*t = m, 5*g - t - 55 = 94. Let u = 66 - g. What is the remainder when u is divided by 13?
11
Let x be (49 + -3)/((-2)/(-1)). Suppose 0 = -b - 5*l + x + 4, l - 32 = -4*b. Suppose 0 = b*m - 2*m - 60. Calculate the remainder when m is divided by 8.
4
What is the remainder when 3/(9/(-6)) - -143 is divided by 377/13 + -5 + 2*-4?
13
Let z = 2119 - 1821. Calculate the remainder when z is divided by 75.
73
Let h = -307 - -411. Calculate the remainder when h is divided by 13.
0
Let t = 363 + -341. What is the remainder when 102 is divided by t?
14
Let g(s) = s**3 - s**2 + s. Let b(d) = -3*d**3 + d**2 - 5*d + 6. Let w(f) = b(f) + 4*g(f). Calculate the remainder when 107 is divided by w(4).
17
Let o(y) = 9*y - 396. Calculate the remainder when 116 is divided by o(49).
26
Let c be ((0 + 0)*1)/1. Suppose c = -3*r + q + 17, -q - 1 = 4. What is the remainder when 29 is divided by r?
1
Let c(n) = n**2 + 6*n + 4. Let s be c(-6). Suppose 2*m = -5*p - 2*m + 42, 5*m = s*p - 9. What is the remainder when ((-5)/10)/1*-22 is divided by p?
5
Calculate the remainder when 170 is divided by (33/4 - -2)*152/19.
6
Let b be (-1 - -1)*1*(-8)/16. Suppose -5*v + 100 = -b*v. Calculate the remainder when (-3 - -5)*(-114)/(-4) is divided by v.
17
Calculate the remainder when 439 is divided by -5*(-12)/42*7.
9
Let t be (-28)/(-3) + 10/(-30). Let w be ((-4)/(-6))/(t/27). Suppose 2*m - 14 = w*k, -43 = -5*m - k - 14. What is the remainder when 15 is divided by m?
3
Suppose 0 = 4*j - 4*f + 11*f - 2256, 5*j = 4*f + 2769. Calculate the remainder when j is divided by 9.
8
Suppose -168 = -4*a - 2*q, -9 - 83 = -2*a - 3*q. What is the remainder when 157 is divided by a?
37
Suppose 0 = -2*g + 3*g - 130. Let s be (-6)/(-2) - (-24)/8. Suppose d + g = s*d. What is the remainder when d is divided by 15?
11
Suppose 31*s - 333 = 22*s. Calculate the remainder when s is divided by 14.
9
Let y(g) = -142*g - 314. What is the remainder when y(-8) is divided by 138?
132
Let o(r) = -r**3 - r**2 + 43. Suppose 54 + 146 = 5*a. Let q = -17 + a. What is the remainder when o(0) is divided by q?
20
Let c = 3 + -13. Let d(k) = 2*k**2 + 14*k + 11. Suppose -76 = 2*y - 6*y + 2*p, -3*y = 2*p - 50. What is the remainder when d(c) is divided by y?
17
Let n(m) = -2*m**2 - 3*m + 7. Let w be n(-5). Let r be (490/49)/(1/9) + 1. Let y = w + r. Calculate the remainder when y is divided by 16.
15
Suppose 3*x - 66 = -x - 3*u, 0 = -u - 2. Let w = 341 + -205. Suppose -w = -0*j - 4*j. Calculate the remainder when j is divided by x.
16
Suppose 6*b = 10*b + 5*k - 4943, 2*b + 5*k - 2469 = 0. Calculate the remainder when b is divided by 73.
69
Let m = -281 - -317. What is the remainder when m is divided by 15?
6
Suppose -4*d - 4*f = -76, -10*f + 6*f = 5*d - 99. What is the remainder when 640 is divided by d?
19
Suppose 4*v = -3*z + 110, 5*v - z = -3*z + 134. Calculate the remainder when 49 is divided by v.
23
Let a = -286 - -444. What is the remainder when a is divided by 32?
30
Let k(x) be the third derivative of 43*x**4/12 - 2*x**2. What is the remainder when k(1) is divided by 29?
28
Suppose 78 = 5*k - 37. Calculate the remainder when 226 is divided by k.
19
Let u(b) = -b**3 + b + 0*b**2 - 3 - 7*b**2 - 12*b + 5. What is the remainder when 123 is divided by u(-6)?
27
Let j be (-24)/(-4)*(6/(-4))/(-3). What is the remainder when 6 is divided by (4 + 26/(-8))*12/j?
0
Let p = -13 - -22. Let d be 3 + (0 - 2 - 29). Let k = 7 - d. Calculate the remainder when k is divided by p.
8
Suppose -20 = -12*j + 28. Let u(f) = -f**3 + 4*f**2 + 5*f - 6. Let n(q) = -6*q + 4. What is the remainder when n(-6) is divided by u(j)?
12
Suppose -3*w + 522 = 2*j, -15*j = -17*j + 6. Calculate the remainder when w is divided by 59.
54
Let v(c) be the first derivative of -33*c**2/2 - 11*c + 40. What is the remainder when v(-3) is divided by 23?
19
Suppose 0 = -2*i + 6, 3*m - 910 + 196 = i. What is the remainder when m is divided by 62?
53
Suppose 34*n + 174 - 72 = 0. Suppose 0 = 2*q + 2*q - 372. Let c = q + n. Calculate the remainder when c is divided by 23.
21
Let t(j) = j**2 - 9*j - 54. What is the remainder when 381 is divided by t(14)?
13
Let j(q) = q**2 + q - 6. Let h be j(-3). Suppose 4*w - 2*m - 558 = h, 2*m - 4*m + 693 = 5*w. Calculate the remainder when w is divided by 29.
23
Let b = 641 - 615. Let k(r) = r**3 + 6*r**2 + 2*r - 1. What is the remainder when b is divided by k(-5)?
12
Let w(s) = 65*s**2 + 16*s + 57. Calculate the remainder when w(-5) is divided by 107.
104
Let q be -3 - (-10 + 5) - (-23)/(-1). Let h = q + 27. Calculate the remainder when 9 is divided by h.
3
Let n(k) = -9*k + 52. What is the remainder when 70 is divided by n(4)?
6
Suppose -50 = -f + 67. Suppose -7*q = -884 - f. What is the remainder when q is divided by 36?
35
Suppose -5*g = 7*g - 996. What is the remainder when g is divided by 10?
3
Suppose 0 = -3*b - 4*b + 49. Let x = -1 + -2. Calculate the remainder when b is divided by x/(-1 - 1 - -1).
1
Let w be (5/(-20))/((-2)/16). Suppose 3*r = 9, -2*h - 3*r + 153 = w*h. Calculate the remainder when h is divided by 13.
10
Suppose -7 = f - 26. Let c = f - 0. What is the remainder when 75 is divided by c?
18
Let o(u) = -u**3 + 8*u**2 - 6*u + 2. Suppose -2*v + 3*p = -2*p - 52, 0 = 2*p + 8. What is the remainder when v is divided by o(7)?
7
Suppose 0*o + 189 = 3*o. Let p(w) = w**2 + 13*w + 33. What is the remainder when o is divided by p(-13)?
30
Let d be 15/(-9)*12/1. Let c = -83 - -111. Let s = c + d. What is the remainder when 23 is divided by s?
7
Let r = -2 + 26. Suppose -q - 71 = -k, -5*q - 22 = -k + 57. Calculate the remainder when k is divided by r.
21
Let n(z) be the second derivative of -5*z**3/6 - 6*z**2 + 2*z. What is the remainder when 1/((-6)/166)*(12 - 15) is divided by n(-8)?
27
Let d = -17 + 70. Let k = d + -51. What is the remainder when 20 is divided by k?
0
Suppose -g - 130 = -429. Calculate the remainder when g is divided by 3.
2
Suppose -8 = q - 5, 2*q - 126 = -4*d. Calculate the remainder when 1483 is divided by d.
31
Suppose 2*v - 14 = -2*f, -4*v - 2*f + 27 = f. Suppose s = v*s - 70. Let q = s + -8. Calculate the remainder when q is divided by 2.
0
Suppose 4 = 5*s - s. Let y(h) = h**3 - 51*h**2 - 169*h + 380. Calculate the remainder when y(54) is divided by s.
0
Suppose 4*v = -20, 2*v = o + o - 312. Calculate the remainder when 2415 is divided by o.
150
Suppose 0 = -6*z + 96 + 228. Calculate the remainder when 112 is divided by z.
4
Suppose 39 = -x + 89. Calculate the remainder when 597 is divided by x.
47
Let b(u) = -u**3 + 12*u**2 - 12*u + 11. Let p be b(11). Suppose f - g - 11 = p, g = -0*f - 4*f + 34. What is the remainder when 33 is divided by f?
6
What is the remainder when (667 - -1)*(6/8)/3 is divided by 13?
11
Suppose -5*g + 27 = -48. Let z(a) = -40*a - 22. Calculate the remainder when z(-2) is divided by g.
13
Let o(q) = 2*q**2 - 8*q - 5. What is the remainder when (2/12)/(-1) + 7463/102 is divided by o(6)?
16
Suppose 0 = -5*s + 25, -65*v + 61*v + 2*s = -134. What is the remainder when 169 is divided by v?
25
Suppose -d + 6*d = 140. Suppose -48 - d = -4*l. Calculate the remainder when 94 is divided by l.
18
Suppose 4*n = c + n - 4, 5*n + 9 = 2*c. Let a = 76 + -51. Calculate the remainder when c is divided by (a/(-10))/((-2)/4).
2
Suppose -4*w = -0*w. Suppose -4*h + 0*j = -2*j + 4, w = 4*h + 4*j - 8. Suppose -2*a + 3*a - 27 = h. What is the remainder when a is divided by 14?
13
Suppose -12675 = -30*l + 15*l. What is the remainder when l is divided by 11?
9
Let i(v) = 9*v - 19. Let m = -20 - -26. Calculate the remainder when 136 is divided by i(m).
31
Suppose 0 = -3*u - 3*f - 15, -5*f = -2*u - 3*u - 35. Let l(q) = -q**2 - 12*q - 13. Calculate the remainder when 91 is divided by l(u).
22
Let s be (-8)/28 - 2116/(-7). Suppose -s = -5*i + 3*